uppose 0 = 4*x - 3*p - 92, -11*x = -8*x - 3*p - 66. Calculate the highest common divisor of 78 and x.
26
Suppose -19*f = -21*f + 20*f - 40284. Calculate the highest common factor of f and 3.
3
Suppose 40*i + 4*r = 37*i + 98320, -3*r + 3 = 0. What is the greatest common factor of 24 and i?
12
Suppose -2*h + 63 = 3*a, 3*a + 17 + 130 = 3*h. Calculate the highest common factor of h and 1536.
6
Suppose -5062*p + 5051*p + 4224 = 0. Suppose 2*q - 3*q = -24. Calculate the greatest common factor of p and q.
24
Let g be ((-72)/21)/(13 + (-21885)/1680). Calculate the highest common factor of 112 and g.
16
Suppose 402*r - 346*r = 70616. What is the greatest common divisor of r and 194?
97
Let v = -46 + 76. Let o be (9 + 3 + (-1 - 8))*v. What is the greatest common factor of 45 and o?
45
Suppose 565 = 5*w - 5*j, -j - 3*j - 337 = -3*w. Let o = w - -17. Calculate the highest common divisor of o and 18.
6
Let u(h) = h - 6. Let f be u(9). Let v be 10/((-11)/(154/(-35))) - 3. What is the highest common factor of v and f?
1
Let y be 1221/2*(-52 - -56). What is the greatest common factor of y and 5550?
222
Let u(d) = 14*d**2 + 702*d + 3479. Let a be u(-5). What is the greatest common factor of 377 and a?
29
Suppose -2*w + 593 = 2*u + 147, -3*u + 697 = -4*w. Let t be u + 23 + 0 + -3. Calculate the highest common factor of t and 13.
13
Let a be (4*1269/72)/((-6)/(-2408)) + 2. Calculate the greatest common divisor of 54 and a.
54
Suppose 5*q + 3*i + 6 = 0, q + 2*i - 10 = 7*i. Suppose q = 5*u + 5*s - 250, 9*u - 12*u - 5*s + 142 = 0. What is the highest common factor of 72 and u?
18
Suppose -1116 = -3*n + 3*c, 4*n + c - 1283 - 185 = 0. Calculate the greatest common divisor of n and 3358.
46
Let q be (-3 + 6 + -2)*-1*-209. Let g(f) = -f**2 - 10*f - 2. Let a be g(-10). Let s = a + 13. What is the greatest common factor of s and q?
11
Suppose -1179 = -41*v + 5217. Calculate the highest common divisor of v and 429.
39
Suppose 0 = -c - 2*c - l + 40, l + 56 = 5*c. Suppose -k + 24 = 2*o, -7*o + 5*k = -6*o - c. What is the highest common divisor of o and 78?
6
Let b = -4996 + 5111. Calculate the greatest common divisor of 1265 and b.
115
Suppose 0 = -4*b + 5*v + 11497, 2*b = -3*v + 718 + 5003. What is the highest common divisor of 18 and b?
6
Suppose 0 = 189*y + 8*y - 65698 + 22358. Calculate the greatest common factor of 65 and y.
5
Let u(l) = -4*l + 224. Let a be u(0). Let c = a - 182. What is the highest common factor of c and 14?
14
Suppose 0 = -l + 5*y + 18, -3*l + 2*y + 29 - 1 = 0. Let a = -91 - -317. Let s be (2 - a/(-10)) + (-42)/70. What is the greatest common divisor of s and l?
8
Let d(t) = 67*t - 1122. Let b be d(18). What is the greatest common divisor of b and 84?
84
Suppose 11*v + 16*v = 72252. Calculate the highest common divisor of 12 and v.
12
Let l be (-6648)/(-4155) - ((-74)/10 - 0). Calculate the greatest common divisor of l and 14139.
9
Suppose 2690 = 2*x - 2*d, x - 5*d + 298 = 1667. What is the highest common factor of 721 and x?
103
Let g be (-2068011)/(-4220) + 1/(-20). Calculate the greatest common factor of 50 and g.
10
Let u = -51 + 211. Suppose f - u = -4*f. Let h be (-25)/(-15)*(84/(-10))/(-7). Calculate the greatest common divisor of h and f.
2
Let f = -684 - -696. Suppose 109*m - f = 107*m. Calculate the highest common divisor of m and 51.
3
Let z = -20961 - -21021. Calculate the greatest common divisor of z and 9270.
30
Let i = -3361 - -3779. Calculate the greatest common factor of i and 76.
38
Suppose -371 = 7*w - 1473 - 1005. Calculate the highest common divisor of 989 and w.
43
Let t(a) = 3*a**2 - 166*a - 200. Let m be t(62). Calculate the highest common factor of 160 and m.
80
Suppose -20 = -5*f + f, -5*w = 3*f - 110. Suppose 12 = -2*r - 4*p, 5*r + 2*p + 65 = -5. Let y be (3 - r)*-7*-1. Calculate the highest common factor of w and y.
19
Suppose -7*q = -1196 - 1828. Let p be (-17)/85 + 813/15. What is the greatest common divisor of p and q?
54
Suppose 3*a - 22600 = 5*x, -37674 = -5*a - 33*x + 34*x. What is the highest common divisor of a and 165?
55
Suppose -17*c + 2560 = 3*c - 0*c. Suppose 0 = 2*t + 4*m + 8, -20 = 5*m - 0*m. What is the greatest common divisor of t and c?
4
Let h be 15/6*342/3. Let j = 290 - h. Calculate the highest common divisor of 11 and j.
1
Let d be (3 - 25/9) + (-32)/(-18). Suppose 0 = y + 2*v - 122, -309 - 289 = -5*y + d*v. Let m = y - -45. Calculate the greatest common factor of 15 and m.
15
Let o(m) = m + 10. Let i be (0 - (-4 - 0))*(-51)/(-12). Let v be o(i). Suppose 399 = 5*c - 6. What is the greatest common divisor of v and c?
27
Let a(i) = i**3 + 22*i**2 - 22*i + 34. Let z be a(-23). Suppose -1127 = -z*y - 467. What is the greatest common divisor of 12 and y?
12
Suppose -126 = -12*g + 9*g + 4*b, 3*b + 42 = g. Suppose -3*y = -2*y - 21. Calculate the greatest common factor of g and y.
21
Let z(q) = 5*q**2 - 10*q - 55. Let t be z(10). What is the highest common factor of t and 69?
69
Suppose -45*h + 15028 + 50762 = 0. What is the highest common factor of 301 and h?
43
Suppose 560 = 2*x - 1142*h + 1137*h, 0 = 4*x - 4*h - 1144. Calculate the greatest common factor of x and 812.
58
Suppose 0*w - 30*w = -2760. Suppose 5*q = 2997 + 223. What is the highest common factor of w and q?
92
Let n(c) = -36*c + 4775. Let m be n(56). What is the highest common factor of m and 267?
89
Let k be -1*((-2206)/10 + 27/45). Suppose 0*l = -l + 5*a + 45, 0 = -3*a - 15. Suppose 2*h = 3*h - l. Calculate the greatest common factor of h and k.
20
Let z = 4816 - 3714. Calculate the highest common factor of z and 418.
38
Let x = -26674 - -26710. Calculate the greatest common divisor of 6471 and x.
9
Let l be ((-1276)/(-464) + (-1)/(-4))*423*1. What is the greatest common factor of l and 9?
9
Let x(d) = d**2 - d - 19. Let v be x(8). Let m be (30/7)/((-4)/28). Let y = v + m. Calculate the greatest common factor of 49 and y.
7
Let g be (-462)/(-99)*(-24)/(-14). Suppose -2*z = -q - 144 - 68, -3*z - 3*q = -336. Calculate the greatest common factor of z and g.
4
Suppose -1897*j - 600 = -1902*j. Let k = 75 - -8. Suppose -3*v = -4*w + k, 5*w - 51 = 5*v + 54. Calculate the highest common divisor of j and w.
20
Suppose 0*z - 5*z - 459 = -4*m, 89 = -z - 2*m. Let o = -143 + 270. Let p = z + o. Calculate the greatest common factor of 12 and p.
12
Let s(v) be the first derivative of -v**4/4 + 2*v**2 + 4*v - 82. Let u be s(-3). Calculate the greatest common factor of 19 and u.
19
Suppose 32*j - 209 - 11 - 4 = 0. Suppose 2*y + 78 = 344. Calculate the highest common divisor of j and y.
7
Suppose -776 + 3885 = 8*s - 603. What is the greatest common factor of s and 58?
58
Let l(r) = -33*r**3 - 2*r**2 - 93*r - 262. Let y be l(-3). Calculate the highest common factor of y and 20.
10
Let d(i) = -56*i - 49. Let q be d(-6). Suppose 5*l - q = -0*l - 3*m, 3*m + 61 = l. What is the highest common divisor of 638 and l?
58
Suppose 3*w = 5*r + 430, 385 = 3*w + r - 69. Calculate the highest common divisor of w and 2825.
25
Suppose 4*s + 64 - 160 = 0. Suppose -5*p + 0*p + s = 2*c, -4*c = 3*p - 20. What is the greatest common divisor of 172 and p?
4
Let x = 111 + -106. Suppose -3*o = 2*o + c - 258, -15 = -x*c. Suppose 2*k - 3*l + l = 78, -2*k = l - 63. Calculate the highest common factor of o and k.
17
Let q be 284/(-16)*(2 - 18/3). What is the greatest common factor of 1136 and q?
71
Suppose 2*l = k - 14279, -145*k + 4*l = -146*k + 14309. What is the greatest common factor of 33 and k?
33
Let h = -724 + 1437. Suppose h + 211 = 7*x. What is the highest common factor of 24 and x?
12
Let s = 26 + -22. Suppose 4*j - s*b = 336, -3*b = -4*j - b + 326. Suppose 0 = -9*v + 520 - j. Calculate the highest common factor of 49 and v.
49
Let h be 2018 + (-12)/(-72)*(10 + 8). Calculate the greatest common divisor of h and 658.
47
Let h = 3 + 17. Let u(r) = 83*r - 504. Let s be u(8). Suppose 13*d - 5*d = s. Calculate the highest common factor of h and d.
20
Let p(s) = -2*s**3 + s**2 + 46*s + 86. Let v be p(-4). What is the highest common divisor of 54 and v?
2
Suppose -h + 4*m = -8, 46*m = 51*m - 30. Calculate the greatest common factor of h and 3488.
32
Let z be (4/(-54)*-4287*-12)/(66/(-99)). Calculate the highest common divisor of 4 and z.
4
Suppose -7*y + 8422 = y - 5*b, -3*b = -